-113 - -440. Let n = -184 + q. Calculate the greatest common divisor of 13 and n.
13
Let q be (-2)/(-4)*(0 + 4). Suppose -q*s - 32 = -4*s. Let m = -10 + s. What is the greatest common divisor of 2 and m?
2
Let z(x) = x + 9. Let m be z(-7). Let l(q) = 2*q**3 - 2*q**2 - q - 1. Let d be l(m). Calculate the greatest common factor of d and 35.
5
Let f(z) = -z**3 - 6*z**2 - 6*z - 7. Let d be f(-5). Let g be 6/4 - 1/d. Suppose g*j + j = 486. What is the greatest common divisor of j and 18?
18
Suppose -4*w + w = -6. Suppose w*n = -n + 36. Calculate the greatest common divisor of 48 and n.
12
Let n = -5 - -17. Calculate the highest common divisor of n and 60.
12
Suppose -4*n + 61 = -167. What is the highest common factor of n and 513?
57
Let v = 9 - 7. Suppose q - 12 = -2*d, -3*q - d + 39 = v*d. Suppose -283 = -2*b - 3*m, -4*b + 4*m + 557 = m. Calculate the highest common factor of q and b.
14
Let n be 12*(88/6 + 0). What is the greatest common divisor of 11 and n?
11
Suppose -5*f = 4*b - 74 - 6, -3*f = 3*b - 57. Suppose 0 = -w + 9 + 111. What is the highest common factor of b and w?
15
Let s = 162 + -36. Calculate the highest common factor of 18 and s.
18
Suppose -2*m - 4*j - 28 = 0, m - 2*j + 10 = -2*m. Let w be -2 + m/(-2) + 13. Let v be (-1)/3 + 66/9. Calculate the highest common divisor of v and w.
7
Let z be 12/((-12)/2) + 47. What is the greatest common factor of 30 and z?
15
Let d be 5/((-15)/9) + (-3 - -30). Calculate the highest common factor of d and 192.
24
Let v(q) = 2*q**2 + 23*q - 22. Let f be v(-17). What is the greatest common factor of 15 and f?
15
Let j(h) = -h**2 + 7*h - 4. Let m be j(5). Let f be 268/m + 3/9. Calculate the highest common factor of f and 5.
5
Let i = 43 - 31. Calculate the greatest common divisor of 6 and i.
6
Let n(d) be the first derivative of 9*d**2/2 + d + 1. Let c be n(3). Suppose c = -2*x + 4*x. Calculate the greatest common divisor of x and 35.
7
Let p = 115 - 103. What is the greatest common divisor of p and 12?
12
Let q = -30 - -84. Suppose 21 = 5*o - 9. What is the highest common factor of o and q?
6
Suppose -5*l = 3*k - 7, 3*k - 5*l = k + 13. What is the greatest common divisor of k and 10?
2
Let b = -10 - -10. Suppose b*m - 2*m + 83 = 5*g, -5*m + 290 = -4*g. Calculate the greatest common factor of 6 and m.
6
Let i = -67 - -124. Suppose -2*t = -5*a + i + 45, 3*t = a - 23. Suppose -4 = -k - 0*k, -g = 3*k - 22. Calculate the highest common factor of a and g.
10
Let h be (-3 + 2)*(-6 + 1). Suppose h*w - 3*n = 292, 0*n = -4*n - 16. What is the greatest common factor of 14 and w?
14
Suppose 6*v - 20 = 2*v. Suppose -3*a = -v*a + 30. Let u = a + -5. What is the greatest common divisor of u and 5?
5
Let a(m) = 4*m + 30. Let y be a(-5). Let x be (-7)/(-2 + -1 + 2). Suppose 0 = -5*n - x + 157. What is the greatest common factor of n and y?
10
Let m(q) = 3*q + 10. Let f be m(20). What is the highest common divisor of 28 and f?
14
Let l be ((-2)/(-3))/(6/(-27)). Let h be 3 + (4 + -31)/l. Calculate the greatest common factor of h and 60.
12
Suppose -c + 17 + 9 = -4*j, -5*c = j - 151. Suppose q = -2*q. Let d = q + 15. Calculate the highest common divisor of c and d.
15
Let w(j) = -j**2 - 1. Let f(r) = 13*r**2 + r + 1. Let p(y) = f(y) + 4*w(y). Let i be p(-3). What is the greatest common factor of i and 30?
15
Let v be 0/(-1) + 1 - -2. Let h(r) = -r**3 + 4*r**2 - r - 2. Let n be h(v). Suppose n*m - 110 = 358. Calculate the highest common divisor of 13 and m.
13
Let d = -105 + 109. Calculate the highest common factor of 4 and d.
4
Let h(m) = m**2 - 6*m + 5. Let g be h(6). Let p(s) = 8*s - 1. Let x be p(6). Let k be x + (1 - 1) - 2. Calculate the greatest common factor of g and k.
5
Suppose -148 = -4*q + 2*t, -160 = -3*q + t - 50. What is the greatest common divisor of q and 90?
18
Suppose 2*h + 0*v - 35 = -5*v, 4*h + 2*v - 78 = 0. What is the greatest common divisor of h and 5?
5
Let p = 52 + 38. Suppose 7*n - 144 = -n. Calculate the highest common divisor of p and n.
18
Let j = 19 - 22. Let s be 126*(4 - (-10)/j). What is the highest common divisor of s and 56?
28
Let f = 2 - 1. Let b be -24*(f - (0 + 2)). Calculate the highest common factor of b and 16.
8
Let v = -2 - -18. What is the highest common factor of v and 112?
16
Let v(c) = c**2 - 10*c - 6. Let p be v(12). Let h = 20 + -7. Let s = 41 + h. What is the highest common factor of s and p?
18
Suppose 0*k + 4*k = 36. Let f(i) = -i**3 - i + 36. Let l be f(0). What is the greatest common factor of k and l?
9
Suppose 0 = -2*y, 2*y = -3*d + 7*y + 63. Calculate the highest common factor of 3 and d.
3
Let g = 2 - -14. Let n be 49/2 - 5/10. Calculate the greatest common factor of g and n.
8
Suppose 11 = 5*v - 4. Suppose 2 = m - v*p - 10, 0 = 4*m - 3*p - 39. Let a(c) = -64*c - 1. Let y be a(-1). Calculate the highest common divisor of m and y.
9
Let g be (-1)/(-3) - 1528/(-24). Let z = g + -37. What is the highest common factor of 3 and z?
3
Let z = -2 - -4. Suppose 0 = -2*i - z*i + 32. Calculate the highest common factor of 12 and i.
4
Let h = 17 + -10. Let j(k) = 114*k - 1. Let g be j(2). Let o = g + -150. Calculate the highest common divisor of h and o.
7
Let b be (-14)/21 - 2/(-3). Suppose b = 3*g - 24 - 60. Calculate the greatest common divisor of 7 and g.
7
Suppose 8*b - 240 = 5*b. Suppose -3*w + b = w. What is the highest common divisor of 30 and w?
10
Suppose 0 = 5*i + 5*w - 70, i = -0*w - 2*w + 17. Let g(j) = j**3 - 4*j**2 + 2*j + 3. Let f be g(4). Calculate the greatest common divisor of f and i.
11
Let s be (-33)/3 - (-4)/2. Let n = 41 + s. Calculate the highest common divisor of 4 and n.
4
Let b(g) = -g**2 + 8*g - 7. Let w be b(5). Let q(x) = 2*x**2 - 4*x - 8. Let y be q(6). What is the highest common factor of w and y?
8
Let o(m) be the third derivative of -m**5/60 + 3*m**4/8 - 2*m**3/3 - 3*m**2. Let f be o(6). Calculate the greatest common divisor of 7 and f.
7
Suppose 0 = -4*p - 14 + 34. Let i = -39 + 74. What is the highest common factor of i and p?
5
Suppose 0 = 3*x - 4 - 5. Suppose 0*d - 484 = -3*d + 4*u, -x*d = 5*u - 475. What is the greatest common factor of d and 32?
32
Let n be -1 + -2 + 11 + 2. Let k(b) = -b + 12. Let q be k(0). Suppose -5 = 5*l, 3*o + l = -2*l + q. What is the greatest common divisor of o and n?
5
Suppose 2*t - 136 = -6*t. Calculate the greatest common divisor of 119 and t.
17
Suppose 3*w - 13 = 77. Suppose -3*t = t - 44. Let s(x) = x**3 - 10*x**2 - 9*x - 16. Let a be s(t). Calculate the greatest common divisor of a and w.
6
Suppose -19 = -k + 7. Suppose -f - 37 = -3*o + 2, 4*f = -o + k. Calculate the greatest common factor of 84 and o.
14
Let f = 189 + -18. Calculate the highest common divisor of 19 and f.
19
Suppose -13 + 53 = 2*k. Let f(v) = 3*v - 1 - 1 + 3 - 3. Let z be f(4). Calculate the highest common factor of z and k.
10
Let z be -18*((-8)/10)/(6/10). What is the greatest common factor of z and 3?
3
Let n(b) = -b**3 + 4*b**2 + 2*b - 4. Let h be n(3). Suppose h = u - 44. What is the highest common factor of u and 22?
11
Let b(c) = -c - 1. Let h be b(-4). Let j(w) = -4 + h*w + 1 - 7. Let p be j(7). Calculate the highest common factor of p and 99.
11
Let a be ((-3)/(-3) + 0)*13. Calculate the greatest common divisor of a and 52.
13
Let s(d) = d**2 + 4*d + 3. Let l be s(-4). Suppose -3*r - 2*r = 2*y - 220, r = -l*y + 317. Calculate the greatest common divisor of y and 15.
15
Suppose 7 = -4*x - 37. Let m = x - -21. Suppose 30 = 5*q + 10. Calculate the greatest common factor of m and q.
2
Suppose 4*x - 144 = -4*f, 5 = 3*x + f - 99. Calculate the greatest common divisor of 34 and x.
34
Let n be 2/10 - 30/25. Suppose -3*p - p = -4. Let i be 1 - (n + p - 0). What is the greatest common factor of i and 2?
1
Let b be 2/8 - (-4740)/48. Calculate the greatest common factor of 11 and b.
11
Let b(g) be the third derivative of g**5/4 - g**4/12 - g**3/6 - 6*g**2. Let w be b(-1). What is the highest common factor of w and 48?
16
Suppose -3*h = -4*h + 2. Suppose 3*v + 3*x = -h*v + 102, x = -5*v + 104. Let t = 2 - -5. Calculate the greatest common factor of v and t.
7
Let n = 111 - 78. What is the greatest common factor of 3 and n?
3
Let v(z) = -z**2 - 7*z + 8. Let a be v(-6). What is the greatest common factor of a and 7?
7
Suppose -3*n =